 of s?
3
Let v = -17 + 73. Suppose 105 = 4*g - 3*o, 3*o - 79 - v = -4*g. Suppose -3*s - 9 = -g. What are the prime factors of s?
7
Suppose 4 = 2*c - c. Suppose -c*g + 3 = -9. Suppose -12 = -7*k + g*k. What are the prime factors of k?
3
Let x(k) = -k**2 + 5*k + 3. Let h be x(6). Let n(j) = 2*j + 4. Let l(t) = -2*t - 4. Let i(w) = 6*l(w) + 5*n(w). List the prime factors of i(h).
2
What are the prime factors of -8*((-44)/8 + 3)?
2, 5
Let b be 4/(-20) - 22/(-10). Suppose b*q = 7*q - 160. What are the prime factors of q?
2
Suppose -5*f + 100 = -0*f. Suppose r - f = -r. List the prime factors of r.
2, 5
Suppose -v = 3*v + 24. Let s be v/33 + 1104/22. Suppose -b + 6*b = s. List the prime factors of b.
2, 5
Let p be (-52)/16*-4*1. Let s = 20 - p. List the prime factors of s.
7
Let i = -2 + -2. Let l(q) = -q**3 - 4*q**2 - 4*q - 1. What are the prime factors of l(i)?
3, 5
Suppose 2*c - 13 - 57 = 0. List the prime factors of c.
5, 7
Let g be (6 + 2)*1/(-2). Let a = 5 + g. Suppose a - 17 = -2*p. What are the prime factors of p?
2
Suppose -2*z = -14 - 6. What are the prime factors of z?
2, 5
Suppose 0 = -2*i + i + 6. Let x(o) = -o**3 - o. Let t be x(-1). Suppose -v - v + 5*l - i = 0, -t = -l. What are the prime factors of v?
2
Suppose 5*h + 350 = 5*f, 0*f - 4*h = -f + 82. List the prime factors of f.
2, 3, 11
Suppose -5 + 1 = -2*h + 3*k, 10 = 5*h + k. Suppose 2*y = h*r + 58, 3*r - 67 = -3*y - 10. What are the prime factors of y?
2, 3
Let l = -26 - -44. Let m be (-2)/9 + (-266)/l. What are the prime factors of (-100)/m - 4/6?
2, 3
Let p = -16 - -94. List the prime factors of p.
2, 3, 13
Let r(x) = -x**3 + 6*x**2 - 4*x - 4. Let b be r(5). List the prime factors of (-16)/(-3) - b/3.
5
Let h(c) be the first derivative of -c**2/2 + 1. Let l be h(4). Let q(k) = k**2 + 2*k + 2. What are the prime factors of q(l)?
2, 5
Suppose -3 = -17*r + 16*r. What are the prime factors of r?
3
Let c = 20 - -53. List the prime factors of c.
73
Let m(b) = -b**3 - 14*b**2 - 11*b. What are the prime factors of m(-14)?
2, 7, 11
Let d(h) = h**2 + 3*h + 1. Let t be d(-3). Suppose 0*z = -z - t. Let l(g) = -19*g**3 + g**2 + 2*g + 1. List the prime factors of l(z).
19
Suppose 0 = 3*z + 7 + 2, -12 = 2*i + 4*z. Let y = 1 + 9. Suppose i = m - 2*m + y. List the prime factors of m.
2, 5
Let m = 77 - 45. List the prime factors of m.
2
Let n(p) = p + 2. Let u be n(6). Suppose -u*d + 76 = -4*d. List the prime factors of d.
19
Suppose 3*c - 210 = -c + h, 6 = -3*h. List the prime factors of c.
2, 13
Let d = 33 - -37. List the prime factors of d.
2, 5, 7
Let s = 4 - 2. Suppose -r = o - 4, -2*r = -s*o - 5*r + 12. Suppose z - 4 + o = 0. What are the prime factors of z?
2
Let x(g) = -g**3 + 7*g**2 - 5*g - 1. Let j(n) = -n**3 + 5*n**2 + 6*n + 5. Let k be j(6). List the prime factors of x(k).
2, 3
Let n(x) = -x**3 + 8*x**2 - 9*x - 3. What are the prime factors of n(5)?
3
Let o = 4 - 0. Suppose -2*q + 3 = c + 4*c, -o = 4*q. What are the prime factors of 4/1 - (c + -1)?
2
Let n(f) = 6*f**2 + 4*f + 2. Let g be n(-2). Let k = 29 - g. List the prime factors of k.
11
List the prime factors of -22*3/12*-6.
3, 11
Suppose -a = -4*a + o + 163, -5*a + 269 = o. Suppose -2*z + 0*m - 2*m = -a, -5*z - 2*m = -123. Suppose -z = -4*g + 25. List the prime factors of g.
2, 3
Suppose 2*b = 6*b - 824. List the prime factors of b.
2, 103
Let c be 4/3 + (-152)/(-3). Let r = c + -4. What are the prime factors of r?
2, 3
Let z(p) = p**3 - p**2 - p + 7. Let m be z(0). Suppose -124 = -2*u - 4*w, -3*u = -0*u + 4*w - 176. Suppose m*y - u = 3*y. What are the prime factors of y?
13
What are the prime factors of 22/4*2 + -1?
2, 5
Suppose -k - 5*j = -j - 75, 5*j = k - 84. What are the prime factors of k?
79
Suppose -o - 4*k = o - 6, 3*o - 4*k + 31 = 0. Let x = o + 45. What are the prime factors of x?
2, 5
List the prime factors of (5 - 3)*17/2.
17
Suppose -3*x = -426 - 243. List the prime factors of x.
223
Suppose 3*i - 6 + 48 = 0. Let j = i + 29. What are the prime factors of j?
3, 5
Suppose 3*q - 41 = -11. What are the prime factors of q?
2, 5
Suppose z + 11 = 4. Suppose 0 = 3*r + 3*o + 1 + 17, -r = -4*o - 14. Let i = r - z. List the prime factors of i.
5
Let v(q) = -q - 2 - 3*q - 5*q + 7. What are the prime factors of v(-3)?
2
Suppose c + 1 = l - 2, -2*l + 24 = 4*c. What are the prime factors of l?
2, 3
Let z(x) = 4*x**3 - 2*x - 3*x**3 - 5*x**2 - x + 8. What are the prime factors of z(6)?
2, 13
Let a(u) = u + 64. Let x be a(0). Suppose 0 = -3*b - b + x. List the prime factors of b.
2
Let w(y) = y**3 + 7. Let s(x) = -4*x**2 + 1 - 2*x - 2 + 3*x**2. Let j be s(-1). List the prime factors of w(j).
7
Let r(b) = -b - 2. Let z be r(3). Let t = 7 + z. Suppose -n + t*n = -3, x = 5*n + 20. What are the prime factors of x?
5
What are the prime factors of (-1266)/(-24) + 3/(-4)?
2, 13
Let m = -4 - -7. Let n = 11 - m. Suppose -u - n = -3*u. List the prime factors of u.
2
List the prime factors of 304/(-95)*(-10)/2.
2
Let h(m) = -7 + 5*m - m**2 + 0*m + 4*m. Let d be h(9). Let j = d + 11. What are the prime factors of j?
2
Let c be 3*15*2/5. Suppose -3*t + c = -33. What are the prime factors of t?
17
Let f = 11 - 5. Suppose 3*l - 69 - f = 0. What are the prime factors of l?
5
Suppose 2*u = -4*k - 5 - 285, -296 = 2*u - 2*k. Let v = -83 - u. Suppose 7*w - v = 4*w - 5*j, 2*w - 16 = 2*j. List the prime factors of w.
13
Let p(z) = -z - 4. Let o be p(-4). Let q(t) = -t**2 + t + 11. List the prime factors of q(o).
11
What are the prime factors of 225/(-2)*40/(-30)?
2, 3, 5
Let x(o) = 4*o**2 - 2*o. Let y be x(-2). Suppose g + 3*g - y = 0. Let h = -3 + g. List the prime factors of h.
2
Let k be (-70)/(-21) + (-2)/(-3). Let v = 9 + k. List the prime factors of v.
13
Suppose -5*f = 14 - 9. List the prime factors of f - -8 - (-12 - -10).
3
Let x = 7 + -7. Suppose -4*m + x*m = -2*r - 22, 5*r - 5 = -5*m. Suppose 26 = m*c - 22. What are the prime factors of c?
2, 3
Let l(g) = g**3 - 22*g**2 + 4*g - 13. What are the prime factors of l(22)?
3, 5
Suppose 5*f + 67 - 21 = 4*h, -4*h = 2*f + 24. Let y = 19 - f. Let n = -18 + y. What are the prime factors of n?
11
Let i(m) = 12*m + 8. Let t be i(6). Suppose -v = 2*v - 6. Suppose -v*s + t = 3*s. List the prime factors of s.
2
Let s = 23 - -17. List the prime factors of s.
2, 5
Let q = 5 - 2. Suppose -q*a + 5*u = 62, -3*u - u = -4*a - 80. Let o = 35 + a. What are the prime factors of o?
2
Suppose 2*q = 2*a + 16, -5*a - 2*q - 15 = 4. Let k = -1 - a. Suppose k*r = 2*r + 10. What are the prime factors of r?
5
Let s = 292 - 77. List the prime factors of s.
5, 43
Let r = -136 + 215. What are the prime factors of r?
79
List the prime factors of (-699)/(9/3)*-1.
233
List the prime factors of 2067/12 + (-7)/28.
2, 43
Let p = 62 + -33. What are the prime factors of p?
29
Suppose 13*m - 1727 = 2*m. List the prime factors of m.
157
Let w = -6 - -1. Suppose 105 = 5*n - 5*p, 4*p = -3*n + 5*p + 67. Let v = w + n. What are the prime factors of v?
2, 3
Let l(f) = f**2 + 12*f - 9. What are the prime factors of l(-16)?
5, 11
Suppose -5*j + x - 15 = 6*x, 2*j = 5*x - 20. Let o(d) = 9*d**3 + d**2 + 2*d + 1. Let t be o(-1). Let r = j - t. List the prime factors of r.
2
Suppose 2*n + 5 = -5. Let d be ((-2)/(-4))/((-2)/8). Let z = d - n. List the prime factors of z.
3
Suppose 35 = j + 5*k - 29, 4*k = 3*j - 154. List the prime factors of j.
2, 3
Let i be (-3)/(-12) + (-15)/12. List the prime factors of -6 + 9 - 31/i.
2, 17
Suppose 4*y + 2*i = -i + 444, -3*i - 126 = -y. List the prime factors of y.
2, 3, 19
Let l(w) = -w**2 - 9*w - 3. Let a be l(-8). Suppose -8*c + a*c = -6. List the prime factors of c.
2
List the prime factors of (-3)/6 - 101/(-2).
2, 5
Suppose 5*h = 87 + 143. List the prime factors of h.
2, 23
Let w be (-1*1)/((-8)/152). Suppose -2*h + 15 = 2*q - w, -44 = -4*q + 2*h. List the prime factors of q.
13
Let g = -2 + 3. Suppose 5*x - 2*c + 16 - 38 = 0, 0 = c + g. Suppose -x*w = -15 - 5. List the prime factors of w.
5
Suppose w - 33 = 5*d, -d - 60 = -5*w + 3*d. Let g = w - 6. Suppose -y = -9 - g. List the prime factors of y.
11
Let x(v) = -3*v - 5. Let g be x(-7). Let m be 130/(-18) - (-4)/18. Let n = g + m. What are the prime factors of n?
3
Let j(x) = x**2 - 12*x + 14. Let d be j(12). Suppose -3*y - d - 76 = 0. Let b = 44 + y. Wh